of 169 and 52?
13
Calculate the greatest common divisor of 40 and 3640.
40
Calculate the highest common divisor of 13393 and 1135.
227
What is the highest common divisor of 5125 and 41?
41
Calculate the greatest common divisor of 807 and 27.
3
Calculate the highest common divisor of 1743 and 21.
21
What is the greatest common factor of 627 and 6061?
209
What is the highest common divisor of 6 and 386?
2
Calculate the highest common factor of 6523 and 220.
11
What is the greatest common factor of 6 and 8922?
6
Calculate the highest common factor of 46 and 7.
1
What is the highest common divisor of 6 and 1392?
6
What is the highest common factor of 2744 and 8?
8
Calculate the highest common factor of 222 and 1665.
111
What is the highest common divisor of 8 and 268?
4
Calculate the highest common factor of 5 and 24835.
5
What is the greatest common factor of 5463 and 27?
9
What is the highest common divisor of 55 and 625?
5
Calculate the greatest common factor of 4 and 44.
4
Calculate the highest common factor of 357 and 21.
21
What is the highest common divisor of 111 and 6?
3
What is the highest common factor of 11556 and 162?
54
Calculate the highest common factor of 22 and 1067.
11
What is the highest common divisor of 305 and 4758?
61
Calculate the greatest common divisor of 2006 and 17.
17
What is the highest common factor of 96 and 27?
3
Calculate the greatest common factor of 226 and 35821.
113
What is the highest common factor of 567 and 35?
7
What is the highest common divisor of 14 and 77?
7
What is the greatest common factor of 3270 and 18?
6
Calculate the greatest common factor of 2379 and 39.
39
What is the greatest common divisor of 738 and 656?
82
Calculate the highest common divisor of 7990 and 94.
94
What is the highest common divisor of 1219 and 46?
23
Calculate the greatest common factor of 483 and 525.
21
Calculate the highest common factor of 130 and 1625.
65
Calculate the highest common factor of 238 and 8466.
34
Calculate the highest common divisor of 1072 and 4757.
67
What is the greatest common factor of 592 and 74?
74
Calculate the highest common factor of 3509 and 551.
29
Calculate the greatest common factor of 605 and 3509.
121
What is the greatest common divisor of 89 and 31?
1
What is the highest common divisor of 65 and 377?
13
Calculate the greatest common divisor of 396 and 946.
22
Calculate the greatest common divisor of 11 and 28787.
11
Calculate the greatest common divisor of 2432 and 38.
38
What is the greatest common divisor of 990 and 40?
10
Calculate the highest common factor of 147 and 21.
21
Calculate the greatest common factor of 24 and 20864.
8
What is the highest common factor of 14214 and 138?
138
What is the greatest common factor of 25 and 5?
5
What is the greatest common factor of 81 and 774?
9
What is the greatest common factor of 1763 and 43?
43
Calculate the greatest common factor of 112 and 616.
56
What is the greatest common divisor of 588 and 2744?
196
Calculate the greatest common factor of 120 and 156.
12
Calculate the highest common factor of 22 and 814.
22
What is the greatest common factor of 621 and 7659?
207
What is the greatest common factor of 621 and 135?
27
What is the highest common factor of 19304 and 24?
8
What is the greatest common factor of 70 and 686?
14
What is the greatest common divisor of 1536 and 6?
6
What is the greatest common factor of 416 and 156?
52
Calculate the highest common factor of 93 and 20305.
31
Calculate the greatest common factor of 20 and 520.
20
Calculate the highest common factor of 89 and 1335.
89
Calculate the greatest common factor of 85 and 17.
17
Calculate the highest common divisor of 77 and 28.
7
What is the highest common divisor of 1856 and 352?
32
What is the greatest common factor of 1376 and 430?
86
Calculate the greatest common divisor of 2528 and 32.
32
What is the highest common divisor of 246 and 2337?
123
What is the greatest common divisor of 6500 and 156?
52
Calculate the greatest common factor of 8 and 24.
8
What is the highest common divisor of 40 and 5?
5
What is the greatest common factor of 435 and 174?
87
What is the greatest common divisor of 3280 and 460?
20
What is the greatest common divisor of 162 and 108?
54
Calculate the highest common factor of 16 and 12592.
16
Calculate the greatest common factor of 100 and 4850.
50
Calculate the greatest common divisor of 354 and 12.
6
Calculate the greatest common divisor of 4812 and 12.
12
Calculate the greatest common divisor of 22 and 253.
11
What is the greatest common divisor of 89 and 52777?
89
Calculate the greatest common factor of 781 and 213.
71
What is the greatest common divisor of 363 and 66?
33
Calculate the greatest common divisor of 17 and 51.
17
Calculate the highest common divisor of 17797 and 1924.
481
What is the greatest common factor of 753 and 2008?
251
Calculate the highest common factor of 17666 and 876.
146
Calculate the highest common divisor of 120 and 280.
40
Calculate the greatest common factor of 329 and 112.
7
What is the greatest common factor of 576 and 12?
12
Calculate the greatest common divisor of 14 and 2702.
14
Calculate the highest common divisor of 42 and 13258.
14
Calculate the highest common divisor of 5 and 9765.
5
Calculate the highest common factor of 2085 and 135.
15
What is the greatest common factor of 350 and 250?
50
What is the highest common divisor of 105 and 63?
21
What is the highest common factor of 9 and 1332?
9
What is the greatest common divisor of 124 and 434?
62
What is the greatest common divisor of 306 and 10302?
102
What is the greatest common divisor of 160 and 20?
20
Calculate the highest common factor of 8610 and 105.
105
Calculate the greatest common factor of 2450 and 140.
70
Calculate the highest common factor of 153 and 99.
9
Calculate the greatest common divisor of 388 and 4.
4
What is the greatest common divisor of 1120 and 34?
2
Calculate the greatest common divisor of 15 and 12615.
15
What is the highest common factor of 66250 and 250?
250
What is the greatest common factor of 9 and 1521?
9
What is the greatest common factor of 2176 and 176?
16
What is the highest common factor of 567 and 42?
21
What is the highest common factor of 256 and 1456?
16
What is the highest common divisor of 96 and 272?
16
Calculate the greatest common factor of 1152 and 1344.
192
Calculate the highest common divisor of 4242 and 42.
42
Calculate the highest common divisor of 2303 and 47.
47
Calculate the greatest common divisor of 145 and 10.
5
What is the highest common factor of 96957 and 21?
21
What is the greatest common factor of 2106 and 26?
26
What is the highest common divisor of 43 and 4?
1
Calculate the greatest common factor of 976 and 305.
61
Calculate the highest common factor of 126 and 28.
14
What is the greatest common divisor of 9 and 2250?
9
What is the greatest common factor of 13 and 37661?
13
Calculate the highest common divisor of 10281 and 207.
69
What is the greatest common divisor of 669 and 1561?
223
What is the highest common divisor of 65 and 299?
13
What is the highest common factor of 60 and 1020?
60
Calculate the greatest common divisor of 657 and 292.
73
Calculate the highest common divisor of 385 and 33.
11
What is the highest common factor of 60 and 240?
60
What is the greatest common divisor of 28 and 4102?
14
Calculate the highest common factor of 30 and 19785.
15
Calculate the highest common factor of 105 and 987.
21
Calculate the greatest common factor of 40 and 232.
8
Calculate the greatest common divisor of 675 and 2565.
135
Calculate the greatest common divisor of 6 and 1206.
6
What is the highest common divisor of 102 and 42?
6
Calculate the highest common divisor of 918 and 68.
34
Calculate the highest common divisor of 54 and 84.
6
What is the highest common factor of 16 and 50?
2
Calculate the greatest common divisor of 2960 and 80.
80
What is the greatest common divisor of 2988 and 180?
36
What is the highest common factor of 2996 and 70?
14
What is the greatest common factor of 9 and 1125?
9
Calculate the highest common divisor of 24 and 648.
24
What is the highest common factor of 104 and 260?
52
Calculate the highest common divisor of 20 and 5345.
5
What is the highest common 